{"id":3,"date":"2019-06-13T16:12:49","date_gmt":"2019-06-13T16:12:49","guid":{"rendered":"https:\/\/blog.levelup-dasbuch.de\/?page_id=3"},"modified":"2019-06-14T09:14:57","modified_gmt":"2019-06-14T07:14:57","slug":"privacy-policy","status":"publish","type":"page","link":"https:\/\/blog.levelup-dasbuch.de\/index.php\/privacy-policy\/","title":{"rendered":"Privacy Policy"},"content":{"rendered":"<p><strong>Datenschutzerkl\u00e4rung<\/strong><\/p>\n<p><strong>Grundlegendes<\/strong><br \/>\nDiese Datenschutzerkl\u00e4rung soll die Nutzer dieser Website \u00fcber die Art, den Umfang und<br \/>\nden Zweck der Erhebung und Verwendung personenbezogener Daten durch den<br \/>\nWebsitebetreiber [Ihre Kontaktdaten einf\u00fcgen] informieren.<br \/>\nDer Websitebetreiber nimmt Ihren Datenschutz sehr ernst und behandelt Ihre<br \/>\npersonenbezogenen Daten vertraulich und entsprechend der gesetzlichen Vorschriften. Da<br \/>\ndurch neue Technologien und die st\u00e4ndige Weiterentwicklung dieser Webseite \u00c4nderungen<br \/>\nan dieser Datenschutzerkl\u00e4rung vorgenommen werden k\u00f6nnen, empfehlen wir Ihnen sich die<br \/>\nDatenschutzerkl\u00e4rung in regelm\u00e4\u00dfigen Abst\u00e4nden wieder durchzulesen.<br \/>\nDefinitionen der verwendeten Begriffe (z.B. \u201cpersonenbezogene Daten\u201d oder \u201cVerarbeitung\u201d)<br \/>\nfinden Sie in Art. 4 DSGVO.<\/p>\n<p><strong>Zugriffsdaten<\/strong><br \/>\nWir, der Websitebetreiber bzw. Seitenprovider, erheben aufgrund unseres berechtigten<br \/>\nInteresses (s. Art. 6 Abs. 1 lit. f. DSGVO) Daten \u00fcber Zugriffe auf die Website und speichern<br \/>\ndiese als \u201eServer-Logfiles\u201c auf dem Server der Website ab. Folgende Daten werden so<br \/>\nprotokolliert:<\/p>\n<p>Besuchte Website<br \/>\nUhrzeit zum Zeitpunkt des Zugriffes<br \/>\nMenge der gesendeten Daten in Byte<br \/>\nQuelle\/Verweis, von welchem Sie auf die Seite gelangten<br \/>\nVerwendeter Browser<br \/>\nVerwendetes Betriebssystem<br \/>\nVerwendete IP-Adresse<\/p>\n<p>Die Server-Logfiles werden f\u00fcr maximal 7 Tage gespeichert und anschlie\u00dfend gel\u00f6scht. Die<br \/>\nSpeicherung der Daten erfolgt aus Sicherheitsgr\u00fcnden, um z. B. Missbrauchsf\u00e4lle aufkl\u00e4ren<br \/>\nzu k\u00f6nnen. M\u00fcssen Daten aus Beweisgr\u00fcnden aufgehoben werden, sind sie solange von der<br \/>\nL\u00f6schung ausgenommen bis der Vorfall endg\u00fcltig gekl\u00e4rt ist.<\/p>\n<p><strong>Reichweitenmessung &amp; Cookies<\/strong><br \/>\nDiese Website verwendet Cookies zur pseudonymisierten Reichweitenmessung, die<br \/>\nentweder von unserem Server oder dem Server Dritter an den Browser des Nutzers<br \/>\n\u00fcbertragen werden. Bei Cookies handelt es sich um kleine Dateien, welche auf Ihrem<br \/>\nEndger\u00e4t gespeichert werden. Ihr Browser greift auf diese Dateien zu. Durch den Einsatz<br \/>\nvon Cookies erh\u00f6ht sich die Benutzerfreundlichkeit und Sicherheit dieser Website.<br \/>\nFalls Sie nicht m\u00f6chten, dass Cookies zur Reichweitenmessung auf Ihrem Endger\u00e4t<br \/>\ngespeichert werden, k\u00f6nnen Sie dem Einsatz dieser Dateien hier widersprechen:<\/p>\n<p>Cookie-Deaktivierungsseite der Netzwerkwerbeinitiative:<br \/>\n<a href=\"http:\/\/optout.networkadvertising.org\/?c=1#!\/\">http:\/\/optout.networkadvertising.org\/?c=1#!\/<\/a><br \/>\nCookie-Deaktivierungsseite der US-amerikanischen Website:<br \/>\n<a href=\"http:\/\/optout.aboutads.info\/?c=2#!\/\">http:\/\/optout.aboutads.info\/?c=2#!\/<\/a><br \/>\nCookie-Deaktivierungsseite der europ\u00e4ischen Website:<br \/>\n<a href=\"http:\/\/optout.networkadvertising.org\/?c=1#!\/\">http:\/\/optout.networkadvertising.org\/?c=1#!\/<\/a><br \/>\nG\u00e4ngige Browser bieten die Einstellungsoption, Cookies nicht zuzulassen. Hinweis: Es ist<br \/>\nnicht gew\u00e4hrleistet, dass Sie auf alle Funktionen dieser Website ohne Einschr\u00e4nkungen<br \/>\nzugreifen k\u00f6nnen, wenn Sie entsprechende Einstellungen vornehmen.<br \/>\nErfassung und Verarbeitung personenbezogener Daten<br \/>\nDer Websitebetreiber erhebt, nutzt und gibt Ihre personenbezogenen Daten nur dann weiter,<br \/>\nwenn dies im gesetzlichen Rahmen erlaubt ist oder Sie in die Datenerhebung einwilligen.<br \/>\nAls personenbezogene Daten gelten s\u00e4mtliche Informationen, welche dazu dienen, Ihre<br \/>\nPerson zu bestimmen und welche zu Ihnen zur\u00fcckverfolgt werden k\u00f6nnen \u2013 also<br \/>\nbeispielsweise Ihr Name, Ihre E-Mail-Adresse und Telefonnummer.<br \/>\nDiese Website k\u00f6nnen Sie auch besuchen, ohne Angaben zu Ihrer Person zu machen. Zur<br \/>\nVerbesserung unseres Online-Angebotes speichern wir jedoch (ohne Personenbezug) Ihre<br \/>\nZugriffsdaten auf diese Website. Zu diesen Zugriffsdaten geh\u00f6ren z. B. die von Ihnen<br \/>\nangeforderte Datei oder der Name Ihres Internet-Providers. Durch die Anonymisierung der<br \/>\nDaten sind R\u00fcckschl\u00fcsse auf Ihre Person nicht m\u00f6glich.<br \/>\nHinweis: An dieser Stelle sollten Sie zus\u00e4tzlich angeben, welche, wie und warum Sie als<br \/>\nWebseitenbetreiber personenbezogene Daten verarbeiten.<\/p>\n<p><strong>Umgang mit Kommentaren und Beitr\u00e4gen<\/strong><br \/>\nHinterlassen Sie auf dieser Website einen Beitrag oder Kommentar, wird Ihre IP-Adresse<br \/>\ngespeichert. Dies erfolgt aufgrund unserer berechtigten Interessen im Sinne des Art. 6 Abs.<br \/>\n1 lit. f. DSGVO und dient der Sicherheit von uns als Websitebetreiber: Denn sollte Ihr<br \/>\nKommentar gegen geltendes Recht versto\u00dfen, k\u00f6nnen wir daf\u00fcr belangt werden, weshalb<br \/>\nwir ein Interesse an der Identit\u00e4t des Kommentar- bzw. Beitragsautors haben.<\/p>\n<p><strong>Rechte des Nutzers<\/strong><br \/>\nSie haben als Nutzer das Recht, auf Antrag eine kostenlose Auskunft dar\u00fcber zu erhalten,<br \/>\nwelche personenbezogenen Daten \u00fcber Sie gespeichert wurden. Sie haben au\u00dferdem das<br \/>\nRecht auf Berichtigung falscher Daten und auf die Verarbeitungseinschr\u00e4nkung oder<br \/>\nL\u00f6schung Ihrer personenbezogenen Daten. Falls zutreffend, k\u00f6nnen Sie auch Ihr Recht auf<br \/>\nDatenportabilit\u00e4t geltend machen. Sollten Sie annehmen, dass Ihre Daten unrechtm\u00e4\u00dfig<br \/>\nverarbeitet wurden, k\u00f6nnen Sie eine Beschwerde bei der zust\u00e4ndigen Aufsichtsbeh\u00f6rde<br \/>\neinreichen.<\/p>\n<p><strong>L\u00f6schung von Daten<\/strong><br \/>\nSofern Ihr Wunsch nicht mit einer gesetzlichen Pflicht zur Aufbewahrung von Daten (z. B.<br \/>\nVorratsdatenspeicherung) kollidiert, haben Sie ein Anrecht auf L\u00f6schung Ihrer Daten. Von<br \/>\nuns gespeicherte Daten werden, sollten sie f\u00fcr ihre Zweckbestimmung nicht mehr vonn\u00f6ten<br \/>\nsein und es keine gesetzlichen Aufbewahrungsfristen geben, gel\u00f6scht. Falls eine L\u00f6schung<br \/>\nnicht durchgef\u00fchrt werden kann, da die Daten f\u00fcr zul\u00e4ssige gesetzliche Zwecke erforderlich<br \/>\nsind, erfolgt eine Einschr\u00e4nkung der Datenverarbeitung. In diesem Fall werden die Daten<br \/>\ngesperrt und nicht f\u00fcr andere Zwecke verarbeitet.<\/p>\n<p><strong>Widerspruchsrecht<\/strong><br \/>\nNutzer dieser Webseite k\u00f6nnen von ihrem Widerspruchsrecht Gebrauch machen und der<br \/>\nVerarbeitung ihrer personenbezogenen Daten zu jeder Zeit widersprechen.<\/p>\n<p>Wenn Sie eine Berichtigung, Sperrung, L\u00f6schung oder Auskunft \u00fcber die zu Ihrer Person<br \/>\ngespeicherten personenbezogenen Daten w\u00fcnschen oder Fragen bzgl. der Erhebung,<br \/>\nVerarbeitung oder Verwendung Ihrer personenbezogenen Daten haben oder erteilte<br \/>\nEinwilligungen widerrufen m\u00f6chten, wenden Sie sich bitte an folgende E-Mail-Adresse: info@levelup-dasbuch.de<\/p>\n<p>Muster von datenschutz.org<\/p>\n","protected":false},"excerpt":{"rendered":"<p>Datenschutzerkl\u00e4rung Grundlegendes Diese Datenschutzerkl\u00e4rung soll die Nutzer dieser Website \u00fcber die Art, den Umfang und den Zweck der Erhebung und Verwendung personenbezogener Daten durch den Websitebetreiber [Ihre Kontaktdaten einf\u00fcgen] informieren. Der Websitebetreiber nimmt Ihren Datenschutz sehr ernst und behandelt Ihre personenbezogenen Daten vertraulich und entsprechend der gesetzlichen Vorschriften. Da durch neue Technologien und die st\u00e4ndige &hellip; <a href=\"https:\/\/blog.levelup-dasbuch.de\/index.php\/privacy-policy\/\" class=\"more-link\"><span class=\"screen-reader-text\">\u201ePrivacy Policy\u201c<\/span> weiterlesen<\/a><\/p>\n","protected":false},"author":1,"featured_media":0,"parent":0,"menu_order":0,"comment_status":"closed","ping_status":"open","template":"","meta":{"footnotes":""},"class_list":["post-3","page","type-page","status-publish","hentry"],"_links":{"self":[{"href":"https:\/\/blog.levelup-dasbuch.de\/index.php\/wp-json\/wp\/v2\/pages\/3","targetHints":{"allow":["GET"]}}],"collection":[{"href":"https:\/\/blog.levelup-dasbuch.de\/index.php\/wp-json\/wp\/v2\/pages"}],"about":[{"href":"https:\/\/blog.levelup-dasbuch.de\/index.php\/wp-json\/wp\/v2\/types\/page"}],"author":[{"embeddable":true,"href":"https:\/\/blog.levelup-dasbuch.de\/index.php\/wp-json\/wp\/v2\/users\/1"}],"replies":[{"embeddable":true,"href":"https:\/\/blog.levelup-dasbuch.de\/index.php\/wp-json\/wp\/v2\/comments?post=3"}],"version-history":[{"count":5,"href":"https:\/\/blog.levelup-dasbuch.de\/index.php\/wp-json\/wp\/v2\/pages\/3\/revisions"}],"predecessor-version":[{"id":64,"href":"https:\/\/blog.levelup-dasbuch.de\/index.php\/wp-json\/wp\/v2\/pages\/3\/revisions\/64"}],"wp:attachment":[{"href":"https:\/\/blog.levelup-dasbuch.de\/index.php\/wp-json\/wp\/v2\/media?parent=3"}],"curies":[{"name":"wp","href":"https:\/\/api.w.org\/{rel}","templated":true}]}}